{"id":52,"date":"2021-01-13T16:28:18","date_gmt":"2021-01-13T16:28:18","guid":{"rendered":"https:\/\/feketesastarsasag.org\/schwarzer-adler-gesellschaft\/?page_id=52"},"modified":"2021-01-24T19:55:21","modified_gmt":"2021-01-24T19:55:21","slug":"presse","status":"publish","type":"page","link":"https:\/\/feketesastarsasag.org\/schwarzer-adler-gesellschaft\/presse\/","title":{"rendered":"Presse"},"content":{"rendered":"<p>Das Ende 2019 ausgeschriebene Wettbewerb f\u00fcr Kurzgeschichten bekam eine gute Presse. (Rundfunk, Tagespresse, Internetforen etc.) <a href=\"https:\/\/www.szekesfehervar.hu\/eredmenyt-hirdettek-fekete-sas-szallo-novellairo-palyazaton?fbclid=IwAR268TV1ECzeJO3hhgI6VnWmszjyx8PMdWnRBabJzs6_IzFh9Jce_oamIUk\">mehr dazu hier <\/a><\/p>\n<p>Am 16. September 2019 wurden vor dem ehemaligen Gasthof zum Schwarzen Adler zwei Stolpersteine \u2013 die Ersten in Sz\u00e9kesfeh\u00e9rv\u00e1r \u2013 f\u00fcr Bernat Grosz und seiner Familie gelegt. \u00dcber dieses Ereignis <a href=\"https:\/\/www.okkfehervar.hu\/index.php?pg=news_1_13452\">berichtete<\/a> auch die Presse.<\/p>\n<hr width=\"300\" \/>\n<p>Am 17. August 2015 wurden die L\u00e1nczos-Szekf\u0171 Stipendien in Sz\u00e9kesfeh\u00e9rv\u00e1r \u00fcberreicht. Zu den ausgew\u00e4hlten Stipendiaten geh\u00f6rt auch die Gesellschaft Schwarzer Adler. Mit dem Stipendium wurde die geplante Publikation \u00fcber die Geschichte des Hauses bedacht.<\/p>\n<hr width=\"300\" \/>\n<p>Mai 2015: Der B\u00fcrgermeister von Sz\u00e9kesfeh\u00e9rv\u00e1r, Andr\u00e1s Per-Palkovics, \u00e4u\u00dferte sich zum neuen Regierungs-programmpaket \u201eModerne St\u00e4dte\u201c.<\/p>\n<p>Wir zitieren jene S\u00e4tze, welche die Zukunft des \u201eGasthofes Schwarzen Adler\u201c betreffen.<\/p>\n<div style=\"width: 810px\" class=\"wp-caption alignnone\"><img loading=\"lazy\" decoding=\"async\" class=\"size-medium\" src=\"https:\/\/feketesastarsasag.org\/wp-content\/uploads\/2021\/01\/presse2015-05-22-fejer-megyei-hirlap.jpg\" width=\"800\" height=\"716\" \/><p class=\"wp-caption-text\">\u201e\u2026 sp\u00e4ter wird im \u201e Gasthof Schwarzen Adler\u201c, der immer mehr verf\u00e4llt, ein Konzertsaal eingerichtet\u2026\u201c<\/p><\/div>\n<div style=\"width: 1010px\" class=\"wp-caption alignnone\"><img loading=\"lazy\" decoding=\"async\" class=\"size-medium\" src=\"https:\/\/feketesastarsasag.org\/wp-content\/uploads\/2021\/01\/presse2015-05-28-fejer-megyei-hirlap.jpg\" width=\"1000\" height=\"707\" \/><p class=\"wp-caption-text\">\u201e\u2026zu den die Lebensqualit\u00e4t verbessernde Entscheidungen geh\u00f6rt, dass im Gasthof Schwarzer Adler ein Konzertsaal entsteht, der einem Atrium \u00e4hnelt und welcher auch geeignet sein wird um dort Konferenzen zu veranstalten\u2026\u201c<\/p><\/div>\n","protected":false},"excerpt":{"rendered":"<p>Das Ende 2019 ausgeschriebene Wettbewerb f\u00fcr Kurzgeschichten bekam eine gute Presse. (Rundfunk, Tagespresse, Internetforen etc.) mehr dazu hier Am 16. September 2019 wurden vor dem ehemaligen Gasthof zum Schwarzen Adler zwei Stolpersteine \u2013 die Ersten in Sz\u00e9kesfeh\u00e9rv\u00e1r \u2013 f\u00fcr Bernat Grosz und seiner Familie gelegt. \u00dcber dieses Ereignis berichtete auch die Presse. Am 17. August [&hellip;]<\/p>\n","protected":false},"author":1,"featured_media":0,"parent":0,"menu_order":0,"comment_status":"closed","ping_status":"closed","template":"","meta":{"footnotes":""},"class_list":["post-52","page","type-page","status-publish","hentry"],"_links":{"self":[{"href":"https:\/\/feketesastarsasag.org\/schwarzer-adler-gesellschaft\/wp-json\/wp\/v2\/pages\/52","targetHints":{"allow":["GET"]}}],"collection":[{"href":"https:\/\/feketesastarsasag.org\/schwarzer-adler-gesellschaft\/wp-json\/wp\/v2\/pages"}],"about":[{"href":"https:\/\/feketesastarsasag.org\/schwarzer-adler-gesellschaft\/wp-json\/wp\/v2\/types\/page"}],"author":[{"embeddable":true,"href":"https:\/\/feketesastarsasag.org\/schwarzer-adler-gesellschaft\/wp-json\/wp\/v2\/users\/1"}],"replies":[{"embeddable":true,"href":"https:\/\/feketesastarsasag.org\/schwarzer-adler-gesellschaft\/wp-json\/wp\/v2\/comments?post=52"}],"version-history":[{"count":6,"href":"https:\/\/feketesastarsasag.org\/schwarzer-adler-gesellschaft\/wp-json\/wp\/v2\/pages\/52\/revisions"}],"predecessor-version":[{"id":93,"href":"https:\/\/feketesastarsasag.org\/schwarzer-adler-gesellschaft\/wp-json\/wp\/v2\/pages\/52\/revisions\/93"}],"wp:attachment":[{"href":"https:\/\/feketesastarsasag.org\/schwarzer-adler-gesellschaft\/wp-json\/wp\/v2\/media?parent=52"}],"curies":[{"name":"wp","href":"https:\/\/api.w.org\/{rel}","templated":true}]}}

<p>Das Ende 2019 ausgeschriebene Wettbewerb für Kurzgeschichten bekam eine gute Presse. (Rundfunk, Tagespresse, Internetforen etc.) <a href="https://www.szekesfehervar.hu/eredmenyt-hirdettek-fekete-sas-szallo-novellairo-palyazaton?fbclid=IwAR268TV1ECzeJO3hhgI6VnWmszjyx8PMdWnRBabJzs6_IzFh9Jce_oamIUk">mehr dazu hier </a></p>
<p>Am 16. September 2019 wurden vor dem ehemaligen Gasthof zum Schwarzen Adler zwei Stolpersteine – die Ersten in Székesfehérvár – für Bernat Grosz und seiner Familie gelegt. Über dieses Ereignis <a href="https://www.okkfehervar.hu/index.php?pg=news_1_13452">berichtete</a> auch die Presse.</p>
<hr width="300" />
<p>Am 17. August 2015 wurden die Lánczos-Szekfű Stipendien in Székesfehérvár überreicht. Zu den ausgewählten Stipendiaten gehört auch die Gesellschaft Schwarzer Adler. Mit dem Stipendium wurde die geplante Publikation über die Geschichte des Hauses bedacht.</p>
<hr width="300" />
<p>Mai 2015: Der Bürgermeister von Székesfehérvár, András Per-Palkovics, äußerte sich zum neuen Regierungs-programmpaket „Moderne Städte“.</p>
<p>Wir zitieren jene Sätze, welche die Zukunft des „Gasthofes Schwarzen Adler“ betreffen.</p>
<div style="width: 810px" class="wp-caption alignnone"><img loading="lazy" decoding="async" class="size-medium" src="https://feketesastarsasag.org/wp-content/uploads/2021/01/presse2015-05-22-fejer-megyei-hirlap.jpg" width="800" height="716" /><p class="wp-caption-text">„… später wird im „ Gasthof Schwarzen Adler“, der immer mehr verfällt, ein Konzertsaal eingerichtet…“</p></div>
<div style="width: 1010px" class="wp-caption alignnone"><img loading="lazy" decoding="async" class="size-medium" src="https://feketesastarsasag.org/wp-content/uploads/2021/01/presse2015-05-28-fejer-megyei-hirlap.jpg" width="1000" height="707" /><p class="wp-caption-text">„…zu den die Lebensqualität verbessernde Entscheidungen gehört, dass im Gasthof Schwarzer Adler ein Konzertsaal entsteht, der einem Atrium ähnelt und welcher auch geeignet sein wird um dort Konferenzen zu veranstalten…“</p></div>

<p>Das Ende 2019 ausgeschriebene Wettbewerb für Kurzgeschichten bekam eine gute Presse. (Rundfunk, Tagespresse, Internetforen etc.) mehr dazu hier Am 16. September 2019 wurden vor dem ehemaligen Gasthof zum Schwarzen Adler zwei Stolpersteine – die Ersten in Székesfehérvár – für Bernat Grosz und seiner Familie gelegt. Über dieses Ereignis berichtete auch die Presse. Am 17. August [&hellip;]</p>
