{"id":48,"date":"2021-01-13T16:22:43","date_gmt":"2021-01-13T16:22:43","guid":{"rendered":"https:\/\/feketesastarsasag.org\/schwarzer-adler-gesellschaft\/?page_id=48"},"modified":"2021-09-08T12:51:32","modified_gmt":"2021-09-08T11:51:32","slug":"publikationen","status":"publish","type":"page","link":"https:\/\/feketesastarsasag.org\/schwarzer-adler-gesellschaft\/publikationen\/","title":{"rendered":"Publikationen"},"content":{"rendered":"<h2>Wahre Geschichten aus dem Gasthof zur Schwarzen Adler<\/h2>\n<p>Zehn Kurzgeschichten<\/p>\n<p>Ende 2019 wurde ein Wettbewerb f\u00fcr Schriftsteller ausgeschrieben. Wir erwarteten Kurzgeschichten, welche auf wahre Ereignisse zwischen 1885 und 1917 basieren. Den Autoren wurden die alten Zeitungsberichte \u00fcber besondere Ereignisse aus dem Gasthof zum Schwarzen Adler zur Verf\u00fcgung gestellt. Die zehn besten Geschichten wurden in einem B\u00e4ndchen publiziert. Eine Publikation auf Ungarisch.<\/p>\n<p>137&#215;197 mm<br \/>\n116 Seiten<\/p>\n<p><a href=\"https:\/\/feketesastarsasag.org\/schwarzer-adler-gesellschaft\/wp-content\/uploads\/sites\/2\/2021\/04\/Novellaskotet_reszlet.jpg\"><img loading=\"lazy\" decoding=\"async\" class=\"alignnone size-medium wp-image-99\" src=\"https:\/\/feketesastarsasag.org\/schwarzer-adler-gesellschaft\/wp-content\/uploads\/sites\/2\/2021\/04\/Novellaskotet_reszlet-205x300.jpg\" alt=\"\" width=\"205\" height=\"300\" srcset=\"https:\/\/feketesastarsasag.org\/schwarzer-adler-gesellschaft\/wp-content\/uploads\/sites\/2\/2021\/04\/Novellaskotet_reszlet-205x300.jpg 205w, https:\/\/feketesastarsasag.org\/schwarzer-adler-gesellschaft\/wp-content\/uploads\/sites\/2\/2021\/04\/Novellaskotet_reszlet.jpg 273w\" sizes=\"auto, (max-width: 205px) 100vw, 205px\" \/><\/a><\/p>\n<p>Erschienen im April 2021<br \/>\nMit Unterst\u00fctzung der st\u00e4dtischen Stiftung \u201eL\u00e1nczos Korn\u00e9l &#8211; Szekf\u0171 Gyula \u00d6szt\u00f6nd\u00edj Alap\u00edtv\u00e1ny\u201d.<\/p>\n<h2>Die Jahrhunderte des Gasthofes und\u00a0Kaffeehauses zum \u00a0Schwarzer\u00a0Adler<\/h2>\n<p>Eine Publikation auf Ungarisch mit zahlreichen Abbildungen und einer Zusammenfassung auf Deutsch und Englisch. Sie erm\u00f6glicht einen Einblick in die Geschichte- und gleichzeitig skizziert sie die m\u00f6gliche Zukunft des Geb\u00e4udes. Die einzelnen Abschnitte wurden von einer Historikerin, einem Arch\u00e4ologen, einem Kunsthistoriker und einer Architektin erarbeitet. Die im Auftrag des Vereins entstandene Fotografien sind lyrische Dokumente des Verfalls.<br \/>\nDie Dokumente und die Illustrationen informieren und regen gleichzeitig zum Weiterdenken an. Die Geschichte des Hauses wird erstmalig in einem selbstst\u00e4ndigen Band dargestellt.<\/p>\n<p>F\u00fcr die sich f\u00fcr die Geschichte der Stadt interessierenden Einwohner und f\u00fcr Touristen gleicherma\u00dfen empfohlen.<\/p>\n<p>185&#215;230 mm<br \/>\n120 Seiten<\/p>\n<p>In Zusammenarbeit mit dem Verein \u201eFej\u00e9r Megyei M\u00fazeumegyes\u00fclet\u201c<\/p>\n<p>In Druckvorbereitung. Die Publikation erscheint: 2021.<\/p>\n<p>Mit Unterst\u00fctzung der st\u00e4dtischen Stiftung \u201eL\u00e1nczos Korn\u00e9l &#8211; Szekf\u0171 Gyula \u00d6szt\u00f6nd\u00edj Alap\u00edtv\u00e1ny\u201d.<\/p>\n<p><img loading=\"lazy\" decoding=\"async\" class=\"alignnone size-medium wp-image-107\" src=\"https:\/\/feketesastarsasag.org\/schwarzer-adler-gesellschaft\/wp-content\/uploads\/sites\/2\/2021\/09\/borito-b4_kicsi-300x300.jpg\" alt=\"\" width=\"300\" height=\"300\" srcset=\"https:\/\/feketesastarsasag.org\/schwarzer-adler-gesellschaft\/wp-content\/uploads\/sites\/2\/2021\/09\/borito-b4_kicsi-300x300.jpg 300w, https:\/\/feketesastarsasag.org\/schwarzer-adler-gesellschaft\/wp-content\/uploads\/sites\/2\/2021\/09\/borito-b4_kicsi-150x150.jpg 150w, https:\/\/feketesastarsasag.org\/schwarzer-adler-gesellschaft\/wp-content\/uploads\/sites\/2\/2021\/09\/borito-b4_kicsi.jpg 480w\" sizes=\"auto, (max-width: 300px) 100vw, 300px\" \/><\/p>\n<blockquote class=\"wp-embedded-content\" data-secret=\"e3e8gVqP4S\"><p><a href=\"https:\/\/olvassbele.com\/2021\/04\/30\/igaz-mesek-a-fekete-sas-szallobol\/\">Szellemes rekonstrukci\u00f3 | Igaz mes\u00e9k a Fekete Sas&nbsp;sz\u00e1ll\u00f3b\u00f3l<\/a><\/p><\/blockquote>\n<p><iframe loading=\"lazy\" class=\"wp-embedded-content\" sandbox=\"allow-scripts\" security=\"restricted\" style=\"position: absolute; visibility: hidden;\" title=\"&#8220;Szellemes rekonstrukci\u00f3 | Igaz mes\u00e9k a Fekete Sas&nbsp;sz\u00e1ll\u00f3b\u00f3l&#8221; &#8212; Olvass bele\" src=\"https:\/\/olvassbele.com\/2021\/04\/30\/igaz-mesek-a-fekete-sas-szallobol\/embed\/#?secret=VKIs3VhoO1#?secret=e3e8gVqP4S\" data-secret=\"e3e8gVqP4S\" width=\"500\" height=\"282\" frameborder=\"0\" marginwidth=\"0\" marginheight=\"0\" scrolling=\"no\"><\/iframe><\/p>\n","protected":false},"excerpt":{"rendered":"<p>Wahre Geschichten aus dem Gasthof zur Schwarzen Adler Zehn Kurzgeschichten Ende 2019 wurde ein Wettbewerb f\u00fcr Schriftsteller ausgeschrieben. Wir erwarteten Kurzgeschichten, welche auf wahre Ereignisse zwischen 1885 und 1917 basieren. Den Autoren wurden die alten Zeitungsberichte \u00fcber besondere Ereignisse aus dem Gasthof zum Schwarzen Adler zur Verf\u00fcgung gestellt. Die zehn besten Geschichten wurden in einem [&hellip;]<\/p>\n","protected":false},"author":1,"featured_media":0,"parent":0,"menu_order":0,"comment_status":"closed","ping_status":"closed","template":"","meta":{"footnotes":""},"class_list":["post-48","page","type-page","status-publish","hentry"],"_links":{"self":[{"href":"https:\/\/feketesastarsasag.org\/schwarzer-adler-gesellschaft\/wp-json\/wp\/v2\/pages\/48","targetHints":{"allow":["GET"]}}],"collection":[{"href":"https:\/\/feketesastarsasag.org\/schwarzer-adler-gesellschaft\/wp-json\/wp\/v2\/pages"}],"about":[{"href":"https:\/\/feketesastarsasag.org\/schwarzer-adler-gesellschaft\/wp-json\/wp\/v2\/types\/page"}],"author":[{"embeddable":true,"href":"https:\/\/feketesastarsasag.org\/schwarzer-adler-gesellschaft\/wp-json\/wp\/v2\/users\/1"}],"replies":[{"embeddable":true,"href":"https:\/\/feketesastarsasag.org\/schwarzer-adler-gesellschaft\/wp-json\/wp\/v2\/comments?post=48"}],"version-history":[{"count":15,"href":"https:\/\/feketesastarsasag.org\/schwarzer-adler-gesellschaft\/wp-json\/wp\/v2\/pages\/48\/revisions"}],"predecessor-version":[{"id":108,"href":"https:\/\/feketesastarsasag.org\/schwarzer-adler-gesellschaft\/wp-json\/wp\/v2\/pages\/48\/revisions\/108"}],"wp:attachment":[{"href":"https:\/\/feketesastarsasag.org\/schwarzer-adler-gesellschaft\/wp-json\/wp\/v2\/media?parent=48"}],"curies":[{"name":"wp","href":"https:\/\/api.w.org\/{rel}","templated":true}]}}

<h2>Wahre Geschichten aus dem Gasthof zur Schwarzen Adler</h2>
<p>Zehn Kurzgeschichten</p>
<p>Ende 2019 wurde ein Wettbewerb für Schriftsteller ausgeschrieben. Wir erwarteten Kurzgeschichten, welche auf wahre Ereignisse zwischen 1885 und 1917 basieren. Den Autoren wurden die alten Zeitungsberichte über besondere Ereignisse aus dem Gasthof zum Schwarzen Adler zur Verfügung gestellt. Die zehn besten Geschichten wurden in einem Bändchen publiziert. Eine Publikation auf Ungarisch.</p>
<p>137&#215;197 mm<br />
116 Seiten</p>
<p><a href="https://feketesastarsasag.org/schwarzer-adler-gesellschaft/wp-content/uploads/sites/2/2021/04/Novellaskotet_reszlet.jpg"><img loading="lazy" decoding="async" class="alignnone size-medium wp-image-99" src="https://feketesastarsasag.org/schwarzer-adler-gesellschaft/wp-content/uploads/sites/2/2021/04/Novellaskotet_reszlet-205x300.jpg" alt="" width="205" height="300" srcset="https://feketesastarsasag.org/schwarzer-adler-gesellschaft/wp-content/uploads/sites/2/2021/04/Novellaskotet_reszlet-205x300.jpg 205w, https://feketesastarsasag.org/schwarzer-adler-gesellschaft/wp-content/uploads/sites/2/2021/04/Novellaskotet_reszlet.jpg 273w" sizes="auto, (max-width: 205px) 100vw, 205px" /></a></p>
<p>Erschienen im April 2021<br />
Mit Unterstützung der städtischen Stiftung „Lánczos Kornél &#8211; Szekfű Gyula Ösztöndíj Alapítvány”.</p>
<h2>Die Jahrhunderte des Gasthofes und Kaffeehauses zum  Schwarzer Adler</h2>
<p>Eine Publikation auf Ungarisch mit zahlreichen Abbildungen und einer Zusammenfassung auf Deutsch und Englisch. Sie ermöglicht einen Einblick in die Geschichte- und gleichzeitig skizziert sie die mögliche Zukunft des Gebäudes. Die einzelnen Abschnitte wurden von einer Historikerin, einem Archäologen, einem Kunsthistoriker und einer Architektin erarbeitet. Die im Auftrag des Vereins entstandene Fotografien sind lyrische Dokumente des Verfalls.<br />
Die Dokumente und die Illustrationen informieren und regen gleichzeitig zum Weiterdenken an. Die Geschichte des Hauses wird erstmalig in einem selbstständigen Band dargestellt.</p>
<p>Für die sich für die Geschichte der Stadt interessierenden Einwohner und für Touristen gleichermaßen empfohlen.</p>
<p>185&#215;230 mm<br />
120 Seiten</p>
<p>In Zusammenarbeit mit dem Verein „Fejér Megyei Múzeumegyesület“</p>
<p>In Druckvorbereitung. Die Publikation erscheint: 2021.</p>
<p>Mit Unterstützung der städtischen Stiftung „Lánczos Kornél &#8211; Szekfű Gyula Ösztöndíj Alapítvány”.</p>
<p><img loading="lazy" decoding="async" class="alignnone size-medium wp-image-107" src="https://feketesastarsasag.org/schwarzer-adler-gesellschaft/wp-content/uploads/sites/2/2021/09/borito-b4_kicsi-300x300.jpg" alt="" width="300" height="300" srcset="https://feketesastarsasag.org/schwarzer-adler-gesellschaft/wp-content/uploads/sites/2/2021/09/borito-b4_kicsi-300x300.jpg 300w, https://feketesastarsasag.org/schwarzer-adler-gesellschaft/wp-content/uploads/sites/2/2021/09/borito-b4_kicsi-150x150.jpg 150w, https://feketesastarsasag.org/schwarzer-adler-gesellschaft/wp-content/uploads/sites/2/2021/09/borito-b4_kicsi.jpg 480w" sizes="auto, (max-width: 300px) 100vw, 300px" /></p>
<blockquote class="wp-embedded-content" data-secret="e3e8gVqP4S"><p><a href="https://olvassbele.com/2021/04/30/igaz-mesek-a-fekete-sas-szallobol/">Szellemes rekonstrukció | Igaz mesék a Fekete Sas&nbsp;szállóból</a></p></blockquote>
<p><iframe loading="lazy" class="wp-embedded-content" sandbox="allow-scripts" security="restricted" style="position: absolute; visibility: hidden;" title="&#8220;Szellemes rekonstrukció | Igaz mesék a Fekete Sas&nbsp;szállóból&#8221; &#8212; Olvass bele" src="https://olvassbele.com/2021/04/30/igaz-mesek-a-fekete-sas-szallobol/embed/#?secret=VKIs3VhoO1#?secret=e3e8gVqP4S" data-secret="e3e8gVqP4S" width="500" height="282" frameborder="0" marginwidth="0" marginheight="0" scrolling="no"></iframe></p>

<p>Wahre Geschichten aus dem Gasthof zur Schwarzen Adler Zehn Kurzgeschichten Ende 2019 wurde ein Wettbewerb für Schriftsteller ausgeschrieben. Wir erwarteten Kurzgeschichten, welche auf wahre Ereignisse zwischen 1885 und 1917 basieren. Den Autoren wurden die alten Zeitungsberichte über besondere Ereignisse aus dem Gasthof zum Schwarzen Adler zur Verfügung gestellt. Die zehn besten Geschichten wurden in einem [&hellip;]</p>
