{"id":41,"date":"2021-01-13T16:09:27","date_gmt":"2021-01-13T16:09:27","guid":{"rendered":"https:\/\/feketesastarsasag.org\/schwarzer-adler-gesellschaft\/?page_id=41"},"modified":"2021-01-14T11:53:00","modified_gmt":"2021-01-14T11:53:00","slug":"impressum","status":"publish","type":"page","link":"https:\/\/feketesastarsasag.org\/schwarzer-adler-gesellschaft\/impressum\/","title":{"rendered":"Impressum"},"content":{"rendered":"<p>Fekete Sas T\u00e1rsas\u00e1g (Gesellschaft Schwarzer Adler)<br \/>\nSz\u00e9kesfeh\u00e9rv\u00e1r<\/p>\n<p>Zust\u00e4ndiges Registergericht und Vereinsregisternummer:\u00a0Sz\u00e9kesfeh\u00e9rv\u00e1ri T\u00f6rv\u00e9nysz\u00e9k, 2937<\/p>\n<p>Vertretungsberechtigter Vorstand und Redaktion der\u00a0Website: Eszter Fontana<\/p>\n<p>Postadresse des Vereins<\/p>\n<p><i>H-8000 Sz\u00e9kesfeh\u00e9rv\u00e1r, K\u00edgy\u00f3 utca 12 3\/3 <\/i><\/p>\n<p>Email Adresse des Vereins: Feketesas&#8217;at&#8217;gmx.net<br \/>\n(Bitte nutzen Sie das <a href=\"https:\/\/feketesastarsasag.org\/schwarzer-adler-gesellschaft\/kontakt\/\" target=\"_blank\" rel=\"noopener\">Kontaktformular<\/a>.)<\/p>\n","protected":false},"excerpt":{"rendered":"<p>Fekete Sas T\u00e1rsas\u00e1g (Gesellschaft Schwarzer Adler) Sz\u00e9kesfeh\u00e9rv\u00e1r Zust\u00e4ndiges Registergericht und Vereinsregisternummer:\u00a0Sz\u00e9kesfeh\u00e9rv\u00e1ri T\u00f6rv\u00e9nysz\u00e9k, 2937 Vertretungsberechtigter Vorstand und Redaktion der\u00a0Website: Eszter Fontana Postadresse des Vereins H-8000 Sz\u00e9kesfeh\u00e9rv\u00e1r, K\u00edgy\u00f3 utca 12 3\/3 Email Adresse des Vereins: Feketesas&#8217;at&#8217;gmx.net (Bitte nutzen Sie das Kontaktformular.)<\/p>\n","protected":false},"author":1,"featured_media":0,"parent":0,"menu_order":0,"comment_status":"closed","ping_status":"closed","template":"","meta":{"footnotes":""},"class_list":["post-41","page","type-page","status-publish","hentry"],"_links":{"self":[{"href":"https:\/\/feketesastarsasag.org\/schwarzer-adler-gesellschaft\/wp-json\/wp\/v2\/pages\/41","targetHints":{"allow":["GET"]}}],"collection":[{"href":"https:\/\/feketesastarsasag.org\/schwarzer-adler-gesellschaft\/wp-json\/wp\/v2\/pages"}],"about":[{"href":"https:\/\/feketesastarsasag.org\/schwarzer-adler-gesellschaft\/wp-json\/wp\/v2\/types\/page"}],"author":[{"embeddable":true,"href":"https:\/\/feketesastarsasag.org\/schwarzer-adler-gesellschaft\/wp-json\/wp\/v2\/users\/1"}],"replies":[{"embeddable":true,"href":"https:\/\/feketesastarsasag.org\/schwarzer-adler-gesellschaft\/wp-json\/wp\/v2\/comments?post=41"}],"version-history":[{"count":2,"href":"https:\/\/feketesastarsasag.org\/schwarzer-adler-gesellschaft\/wp-json\/wp\/v2\/pages\/41\/revisions"}],"predecessor-version":[{"id":69,"href":"https:\/\/feketesastarsasag.org\/schwarzer-adler-gesellschaft\/wp-json\/wp\/v2\/pages\/41\/revisions\/69"}],"wp:attachment":[{"href":"https:\/\/feketesastarsasag.org\/schwarzer-adler-gesellschaft\/wp-json\/wp\/v2\/media?parent=41"}],"curies":[{"name":"wp","href":"https:\/\/api.w.org\/{rel}","templated":true}]}}

<p>Fekete Sas Társaság (Gesellschaft Schwarzer Adler)<br />
Székesfehérvár</p>
<p>Zuständiges Registergericht und Vereinsregisternummer: Székesfehérvári Törvényszék, 2937</p>
<p>Vertretungsberechtigter Vorstand und Redaktion der Website: Eszter Fontana</p>
<p>Postadresse des Vereins</p>
<p><i>H-8000 Székesfehérvár, Kígyó utca 12 3/3 </i></p>
<p>Email Adresse des Vereins: Feketesas&#8217;at&#8217;gmx.net<br />
(Bitte nutzen Sie das <a href="https://feketesastarsasag.org/schwarzer-adler-gesellschaft/kontakt/" target="_blank" rel="noopener">Kontaktformular</a>.)</p>

<p>Fekete Sas Társaság (Gesellschaft Schwarzer Adler) Székesfehérvár Zuständiges Registergericht und Vereinsregisternummer: Székesfehérvári Törvényszék, 2937 Vertretungsberechtigter Vorstand und Redaktion der Website: Eszter Fontana Postadresse des Vereins H-8000 Székesfehérvár, Kígyó utca 12 3/3 Email Adresse des Vereins: Feketesas&#8217;at&#8217;gmx.net (Bitte nutzen Sie das Kontaktformular.)</p>
