{"id":37,"date":"2021-01-13T16:07:52","date_gmt":"2021-01-13T16:07:52","guid":{"rendered":"https:\/\/feketesastarsasag.org\/schwarzer-adler-gesellschaft\/?page_id=37"},"modified":"2021-12-28T09:12:39","modified_gmt":"2021-12-28T09:12:39","slug":"verein","status":"publish","type":"page","link":"https:\/\/feketesastarsasag.org\/schwarzer-adler-gesellschaft\/verein\/","title":{"rendered":"Verein"},"content":{"rendered":"<h2>gesellschaft schwarzer adler (fekete sas t\u00e1rsas\u00e1g)<\/h2>\n<p>Die Gesellschaft Schwarzer Adler e.V. wurde im Jahr 2014 in Sz\u00e9kesfeh\u00e9rv\u00e1r (Ungarn) gegr\u00fcndet.<\/p>\n<p>Sitz: H-8000 Sz\u00e9kesfeh\u00e9rv\u00e1r, K\u00edgy\u00f3 u. 12<\/p>\n<p>E-mail: feketesas\u2019at\u2019gmx.net<\/p>\n<p>Ziele des Vereins:<\/p>\n<ul>\n<li>Unterst\u00fctzung von Aktivit\u00e4ten, um das klassizistische Geb\u00e4ude, den ehemaligen Gasthof Schwarzer Adler zu retten und seine Nutzung als Kulturzentrum voranzutreiben.<\/li>\n<li>Die Gesellschaft unterst\u00fctzt die Aktivit\u00e4ten f\u00fcr Bildung in verschiedenen Formen, einschlie\u00dflich Weiterbildung.<\/li>\n<li>Die Gesellschaft unterst\u00fctzt Aktivit\u00e4ten in verschiedenen Bereichen der Kunst und Wissenschaft.<\/li>\n<li>Unterst\u00fctzung von Aktivit\u00e4ten, um den ehemaligen Gasthof als Zentrum f\u00fcr Kunst und Kultur in das touristische Angebot der Stadt aufzunehmen.<\/li>\n<li>Ausschreiben von Wettbewerben mit Themen im Bereich der Kunst und Denkmalpflege<\/li>\n<li>Durchf\u00fchrung des Mentorenprogramms<\/li>\n<li>Der Verein ist gemeinn\u00fctzig t\u00e4tig.<\/li>\n<\/ul>\n<p>Die Satzung auf Ungarisch kann <a href=\"https:\/\/feketesastarsasag.org\/wp-content\/uploads\/2021\/01\/Fekete-Sas-TA\u00a1rsasA\u00a1g-Satzung.pdf\" target=\"_blank\" rel=\"noopener\">hier<\/a> heruntergeladen werden.<\/p>\n<p>Die Mitglieder erhalten den Newsletter mit aktuellen Vereinsnachrichten.<\/p>\n<p>Die Veranstaltungen sind \u00f6ffentlich; jeder ist herzlich willkommen.<\/p>\n<p>Wenn Sie sich f\u00fcr die Arbeit der Gesellschaft interessieren, Mitglied werden m\u00f6chten oder auf eine andere Weise die Arbeit unterst\u00fctzen m\u00f6chten, nehmen Sie bitte <a href=\"https:\/\/feketesastarsasag.org\/schwarzer-adler-gesellschaft\/kontakt\/\" target=\"_blank\" rel=\"noopener\">Kontakt<\/a> mit uns auf.<\/p>\n","protected":false},"excerpt":{"rendered":"<p>gesellschaft schwarzer adler (fekete sas t\u00e1rsas\u00e1g) Die Gesellschaft Schwarzer Adler e.V. wurde im Jahr 2014 in Sz\u00e9kesfeh\u00e9rv\u00e1r (Ungarn) gegr\u00fcndet. Sitz: H-8000 Sz\u00e9kesfeh\u00e9rv\u00e1r, K\u00edgy\u00f3 u. 12 E-mail: feketesas\u2019at\u2019gmx.net Ziele des Vereins: Unterst\u00fctzung von Aktivit\u00e4ten, um das klassizistische Geb\u00e4ude, den ehemaligen Gasthof Schwarzer Adler zu retten und seine Nutzung als Kulturzentrum voranzutreiben. Die Gesellschaft unterst\u00fctzt die Aktivit\u00e4ten [&hellip;]<\/p>\n","protected":false},"author":1,"featured_media":0,"parent":0,"menu_order":0,"comment_status":"closed","ping_status":"closed","template":"","meta":{"footnotes":""},"class_list":["post-37","page","type-page","status-publish","hentry"],"_links":{"self":[{"href":"https:\/\/feketesastarsasag.org\/schwarzer-adler-gesellschaft\/wp-json\/wp\/v2\/pages\/37","targetHints":{"allow":["GET"]}}],"collection":[{"href":"https:\/\/feketesastarsasag.org\/schwarzer-adler-gesellschaft\/wp-json\/wp\/v2\/pages"}],"about":[{"href":"https:\/\/feketesastarsasag.org\/schwarzer-adler-gesellschaft\/wp-json\/wp\/v2\/types\/page"}],"author":[{"embeddable":true,"href":"https:\/\/feketesastarsasag.org\/schwarzer-adler-gesellschaft\/wp-json\/wp\/v2\/users\/1"}],"replies":[{"embeddable":true,"href":"https:\/\/feketesastarsasag.org\/schwarzer-adler-gesellschaft\/wp-json\/wp\/v2\/comments?post=37"}],"version-history":[{"count":5,"href":"https:\/\/feketesastarsasag.org\/schwarzer-adler-gesellschaft\/wp-json\/wp\/v2\/pages\/37\/revisions"}],"predecessor-version":[{"id":111,"href":"https:\/\/feketesastarsasag.org\/schwarzer-adler-gesellschaft\/wp-json\/wp\/v2\/pages\/37\/revisions\/111"}],"wp:attachment":[{"href":"https:\/\/feketesastarsasag.org\/schwarzer-adler-gesellschaft\/wp-json\/wp\/v2\/media?parent=37"}],"curies":[{"name":"wp","href":"https:\/\/api.w.org\/{rel}","templated":true}]}}

<h2>gesellschaft schwarzer adler (fekete sas társaság)</h2>
<p>Die Gesellschaft Schwarzer Adler e.V. wurde im Jahr 2014 in Székesfehérvár (Ungarn) gegründet.</p>
<p>Sitz: H-8000 Székesfehérvár, Kígyó u. 12</p>
<p>E-mail: feketesas’at’gmx.net</p>
<p>Ziele des Vereins:</p>
<ul>
<li>Unterstützung von Aktivitäten, um das klassizistische Gebäude, den ehemaligen Gasthof Schwarzer Adler zu retten und seine Nutzung als Kulturzentrum voranzutreiben.</li>
<li>Die Gesellschaft unterstützt die Aktivitäten für Bildung in verschiedenen Formen, einschließlich Weiterbildung.</li>
<li>Die Gesellschaft unterstützt Aktivitäten in verschiedenen Bereichen der Kunst und Wissenschaft.</li>
<li>Unterstützung von Aktivitäten, um den ehemaligen Gasthof als Zentrum für Kunst und Kultur in das touristische Angebot der Stadt aufzunehmen.</li>
<li>Ausschreiben von Wettbewerben mit Themen im Bereich der Kunst und Denkmalpflege</li>
<li>Durchführung des Mentorenprogramms</li>
<li>Der Verein ist gemeinnützig tätig.</li>
</ul>
<p>Die Satzung auf Ungarisch kann <a href="https://feketesastarsasag.org/wp-content/uploads/2021/01/Fekete-Sas-TA¡rsasA¡g-Satzung.pdf" target="_blank" rel="noopener">hier</a> heruntergeladen werden.</p>
<p>Die Mitglieder erhalten den Newsletter mit aktuellen Vereinsnachrichten.</p>
<p>Die Veranstaltungen sind öffentlich; jeder ist herzlich willkommen.</p>
<p>Wenn Sie sich für die Arbeit der Gesellschaft interessieren, Mitglied werden möchten oder auf eine andere Weise die Arbeit unterstützen möchten, nehmen Sie bitte <a href="https://feketesastarsasag.org/schwarzer-adler-gesellschaft/kontakt/" target="_blank" rel="noopener">Kontakt</a> mit uns auf.</p>

<p>gesellschaft schwarzer adler (fekete sas társaság) Die Gesellschaft Schwarzer Adler e.V. wurde im Jahr 2014 in Székesfehérvár (Ungarn) gegründet. Sitz: H-8000 Székesfehérvár, Kígyó u. 12 E-mail: feketesas’at’gmx.net Ziele des Vereins: Unterstützung von Aktivitäten, um das klassizistische Gebäude, den ehemaligen Gasthof Schwarzer Adler zu retten und seine Nutzung als Kulturzentrum voranzutreiben. Die Gesellschaft unterstützt die Aktivitäten [&hellip;]</p>
