{"id":19,"date":"2021-01-13T12:16:49","date_gmt":"2021-01-13T12:16:49","guid":{"rendered":"https:\/\/feketesastarsasag.org\/schwarzer-adler-gesellschaft\/?page_id=19"},"modified":"2021-01-24T19:50:44","modified_gmt":"2021-01-24T19:50:44","slug":"mentorenprogramm-2","status":"publish","type":"page","link":"https:\/\/feketesastarsasag.org\/schwarzer-adler-gesellschaft\/mentorenprogramm-2\/","title":{"rendered":"Mentorenprogramm"},"content":{"rendered":"<p><strong>Das Mentorenprogramm<\/strong><\/p>\n<p>Diese T\u00e4tigkeit macht einen wesentlichen Teil des auch in der Satzung der <strong>Gesellschaft Schwarzer Adler <\/strong>formulierten Bildungsprogrammes aus. Vordergr\u00fcndlich werden Themen im Zusammenhang mit der Geschichte und Baugeschichte des ehemaligen Gasthofes bearbeitet.<\/p>\n<p>Alle Studien, Ergebnisse etc. werden ver\u00f6ffentlicht bzw. auf Anfrage f\u00fcr Interessenten zur Verf\u00fcgung gestellt, somit wird die weitere Nutzung auch f\u00fcr Andere erm\u00f6glicht.<\/p>\n<p>2020 Januar bis M\u00e4rz: Konsultation f\u00fcr die Teilnehmer des seit Ende des Jahres 2019 laufenden Kurzgeschichten-Wettbewerbs. Themen: Baugeschichte des Gasthofes zum Schwarzen Adler, Technikgeschichte, Informationen zu Geschichte der Mode und der M\u00f6bel. Dieser Service wurde von 22 Personen in Anspruch genommen.<\/p>\n<p>2018-2020: Vikt\u00f3riaT\u00f3th, Sz\u00e9kesfeh\u00e9rv\u00e1r: Thema: Druckvorbereitung einer wissenschaftlichen Publikation. Lay-out, und andere grafische Arbeiten. Aufgabe: Druckvorbereitungen der Publikation \u00fcber die Geschichte des Gasthofes zur Schwarzen Adler.<\/p>\n<p>Mentorin: Zsuzsa Mur\u00e1nyi Grafikerin, Buchgestalterin<\/p>\n<p>2016-2019: Judit Solt\u00e9sz, Budapest. Technische Universit\u00e4t Budapest, Lehrstuhl f\u00fcr Architektur von \u00f6ffentlichen Geb\u00e4uden. Promotionsstudentin. Betreuer: Mih\u00e1ly Bal\u00e1zs Thema: Der Ehemalige Gasthof \u201eSchwarzer Adler\u201c: Ein Haus mit vielen Funktionen. Sammlung zur Stadtgeschichte, multifunktionale Kunstgalerie, (Ausstellungen, Filmvorf\u00fchrungen, Konzerte etc.) und Museumszentrum.<\/p>\n<p>Mentoren: Eszter Fontana, S\u00e1ndor Keresztes<\/p>\n<p>2016: Vikt\u00f3ria T\u00f3th, Sz\u00e9kesfeh\u00e9rv\u00e1r: Passive, umweltfreundliche Technologien in der Architektur und die Denkmalpflege. \u00d6ffentlicher Vortrag.<\/p>\n<p>Mentoren: Eszter Fontana, S\u00e1ndor Keresztes<\/p>\n<p>2013-2014:<\/p>\n<p>Judit Solt\u00e9sz, Budapest. Technische Universit\u00e4t Budapest, Lehrstuhl f\u00fcr Architektur von \u00f6ffentlichen Geb\u00e4uden. Diplomarbeit. Thema: Der ehemalige Gasthof \u201cSchwarzer Adler\u201d in Sz\u00e9kesfeh\u00e9rv\u00e1r. Entwurfsplan. Konsulent: Mih\u00e1ly Bal\u00e1zs, Opponent: L\u00e1szl\u00f3 Kalm\u00e1r<br \/>\nMentoren: Eszter Fontana, S\u00e1ndor Keresztes, Architekt, Eleonora Kov\u00e1cs, Archivarin, Attila Lantay, st\u00e4dtischer Oberarchitekt in Sz\u00e9kesfeh\u00e9rv\u00e1r. Der Entwurfsplan ist ausgezeichnet worden und wurde in Fachkreisen positiv bewertet. <a href=\"http:\/\/epiteszforum.hu\/fekete-sas-fogado-megujulasa-soltesz-judit-diplomamunkaja\">Weitere Informationen<\/a>&#8230;<\/p>\n<p><strong>\u00a0<\/strong><strong>Die alte Tradition in aktualisierter Form<\/strong><\/p>\n<p>Im Auftrag der <strong>Gesellschaft Schwarzer Adler<\/strong> wurde im Jahre 2012 die M\u00f6glichkeiten der kulturellen und touristischen Nutzung des ehemaligen Gasthofes untersucht und in einer Studie dargelegt. Diese ber\u00fccksichtigt die g\u00fcnstige Lage, die Geschichte, die Gr\u00f6\u00dfe und sonstige Gegebenheiten des nach dem Schwarzen Adler benannten ehemaligen Gasthofes und stellte fest, dass die denkmalgerechte Sanierung und die neue Nutzungskonzeption nur dann miteinander harmonisieren werden, wenn an die alte Funktionen erinnert wird: Bildung, Kunst und Kultur, Kaffeehaus bzw. Gastronomie und M\u00f6glichkeiten zur \u00dcbernachtung; gleichzeitig sollen aber die Angebote auf heutige Interessen R\u00fccksicht nehmen. Kurz, die alte Tradition findet in aktualisierter Form ihre Fortsetzung.<br \/>\nDas Geb\u00e4ude ist f\u00fcr eine Nutzung als Veranstaltungsort f\u00fcr Konzerte, kleinere Ausstellungen, Kurse etc. sehr gut geeignet. Hier k\u00f6nnten K\u00fcnstlerateliers, Studios usw. entstehen. Die Konzerthalle wird Ausstellungsraum, Forum und B\u00fchne zugleich. Die neuen Pl\u00e4ne schlagen auch eine Nutzung als eine Werkstatt f\u00fcr Kunst und Kultur vor. Dabei spielt das Mentorenprogramm eine herausragende Rolle.<\/p>\n<p>&nbsp;<\/p>\n","protected":false},"excerpt":{"rendered":"<p>Das Mentorenprogramm Diese T\u00e4tigkeit macht einen wesentlichen Teil des auch in der Satzung der Gesellschaft Schwarzer Adler formulierten Bildungsprogrammes aus. Vordergr\u00fcndlich werden Themen im Zusammenhang mit der Geschichte und Baugeschichte des ehemaligen Gasthofes bearbeitet. Alle Studien, Ergebnisse etc. werden ver\u00f6ffentlicht bzw. auf Anfrage f\u00fcr Interessenten zur Verf\u00fcgung gestellt, somit wird die weitere Nutzung auch f\u00fcr [&hellip;]<\/p>\n","protected":false},"author":1,"featured_media":0,"parent":0,"menu_order":0,"comment_status":"closed","ping_status":"closed","template":"","meta":{"footnotes":""},"class_list":["post-19","page","type-page","status-publish","hentry"],"_links":{"self":[{"href":"https:\/\/feketesastarsasag.org\/schwarzer-adler-gesellschaft\/wp-json\/wp\/v2\/pages\/19","targetHints":{"allow":["GET"]}}],"collection":[{"href":"https:\/\/feketesastarsasag.org\/schwarzer-adler-gesellschaft\/wp-json\/wp\/v2\/pages"}],"about":[{"href":"https:\/\/feketesastarsasag.org\/schwarzer-adler-gesellschaft\/wp-json\/wp\/v2\/types\/page"}],"author":[{"embeddable":true,"href":"https:\/\/feketesastarsasag.org\/schwarzer-adler-gesellschaft\/wp-json\/wp\/v2\/users\/1"}],"replies":[{"embeddable":true,"href":"https:\/\/feketesastarsasag.org\/schwarzer-adler-gesellschaft\/wp-json\/wp\/v2\/comments?post=19"}],"version-history":[{"count":5,"href":"https:\/\/feketesastarsasag.org\/schwarzer-adler-gesellschaft\/wp-json\/wp\/v2\/pages\/19\/revisions"}],"predecessor-version":[{"id":89,"href":"https:\/\/feketesastarsasag.org\/schwarzer-adler-gesellschaft\/wp-json\/wp\/v2\/pages\/19\/revisions\/89"}],"wp:attachment":[{"href":"https:\/\/feketesastarsasag.org\/schwarzer-adler-gesellschaft\/wp-json\/wp\/v2\/media?parent=19"}],"curies":[{"name":"wp","href":"https:\/\/api.w.org\/{rel}","templated":true}]}}

<p><strong>Das Mentorenprogramm</strong></p>
<p>Diese Tätigkeit macht einen wesentlichen Teil des auch in der Satzung der <strong>Gesellschaft Schwarzer Adler </strong>formulierten Bildungsprogrammes aus. Vordergründlich werden Themen im Zusammenhang mit der Geschichte und Baugeschichte des ehemaligen Gasthofes bearbeitet.</p>
<p>Alle Studien, Ergebnisse etc. werden veröffentlicht bzw. auf Anfrage für Interessenten zur Verfügung gestellt, somit wird die weitere Nutzung auch für Andere ermöglicht.</p>
<p>2020 Januar bis März: Konsultation für die Teilnehmer des seit Ende des Jahres 2019 laufenden Kurzgeschichten-Wettbewerbs. Themen: Baugeschichte des Gasthofes zum Schwarzen Adler, Technikgeschichte, Informationen zu Geschichte der Mode und der Möbel. Dieser Service wurde von 22 Personen in Anspruch genommen.</p>
<p>2018-2020: ViktóriaTóth, Székesfehérvár: Thema: Druckvorbereitung einer wissenschaftlichen Publikation. Lay-out, und andere grafische Arbeiten. Aufgabe: Druckvorbereitungen der Publikation über die Geschichte des Gasthofes zur Schwarzen Adler.</p>
<p>Mentorin: Zsuzsa Murányi Grafikerin, Buchgestalterin</p>
<p>2016-2019: Judit Soltész, Budapest. Technische Universität Budapest, Lehrstuhl für Architektur von öffentlichen Gebäuden. Promotionsstudentin. Betreuer: Mihály Balázs Thema: Der Ehemalige Gasthof „Schwarzer Adler“: Ein Haus mit vielen Funktionen. Sammlung zur Stadtgeschichte, multifunktionale Kunstgalerie, (Ausstellungen, Filmvorführungen, Konzerte etc.) und Museumszentrum.</p>
<p>Mentoren: Eszter Fontana, Sándor Keresztes</p>
<p>2016: Viktória Tóth, Székesfehérvár: Passive, umweltfreundliche Technologien in der Architektur und die Denkmalpflege. Öffentlicher Vortrag.</p>
<p>Mentoren: Eszter Fontana, Sándor Keresztes</p>
<p>2013-2014:</p>
<p>Judit Soltész, Budapest. Technische Universität Budapest, Lehrstuhl für Architektur von öffentlichen Gebäuden. Diplomarbeit. Thema: Der ehemalige Gasthof “Schwarzer Adler” in Székesfehérvár. Entwurfsplan. Konsulent: Mihály Balázs, Opponent: László Kalmár<br />
Mentoren: Eszter Fontana, Sándor Keresztes, Architekt, Eleonora Kovács, Archivarin, Attila Lantay, städtischer Oberarchitekt in Székesfehérvár. Der Entwurfsplan ist ausgezeichnet worden und wurde in Fachkreisen positiv bewertet. <a href="http://epiteszforum.hu/fekete-sas-fogado-megujulasa-soltesz-judit-diplomamunkaja">Weitere Informationen</a>&#8230;</p>
<p><strong> </strong><strong>Die alte Tradition in aktualisierter Form</strong></p>
<p>Im Auftrag der <strong>Gesellschaft Schwarzer Adler</strong> wurde im Jahre 2012 die Möglichkeiten der kulturellen und touristischen Nutzung des ehemaligen Gasthofes untersucht und in einer Studie dargelegt. Diese berücksichtigt die günstige Lage, die Geschichte, die Größe und sonstige Gegebenheiten des nach dem Schwarzen Adler benannten ehemaligen Gasthofes und stellte fest, dass die denkmalgerechte Sanierung und die neue Nutzungskonzeption nur dann miteinander harmonisieren werden, wenn an die alte Funktionen erinnert wird: Bildung, Kunst und Kultur, Kaffeehaus bzw. Gastronomie und Möglichkeiten zur Übernachtung; gleichzeitig sollen aber die Angebote auf heutige Interessen Rücksicht nehmen. Kurz, die alte Tradition findet in aktualisierter Form ihre Fortsetzung.<br />
Das Gebäude ist für eine Nutzung als Veranstaltungsort für Konzerte, kleinere Ausstellungen, Kurse etc. sehr gut geeignet. Hier könnten Künstlerateliers, Studios usw. entstehen. Die Konzerthalle wird Ausstellungsraum, Forum und Bühne zugleich. Die neuen Pläne schlagen auch eine Nutzung als eine Werkstatt für Kunst und Kultur vor. Dabei spielt das Mentorenprogramm eine herausragende Rolle.</p>
<p>&nbsp;</p>

<p>Das Mentorenprogramm Diese Tätigkeit macht einen wesentlichen Teil des auch in der Satzung der Gesellschaft Schwarzer Adler formulierten Bildungsprogrammes aus. Vordergründlich werden Themen im Zusammenhang mit der Geschichte und Baugeschichte des ehemaligen Gasthofes bearbeitet. Alle Studien, Ergebnisse etc. werden veröffentlicht bzw. auf Anfrage für Interessenten zur Verfügung gestellt, somit wird die weitere Nutzung auch für [&hellip;]</p>
